r when 628 is divided by 310?
8
Calculate the remainder when 817 is divided by 69.
58
Calculate the remainder when 835 is divided by 93.
91
What is the remainder when 395 is divided by 18?
17
What is the remainder when 30 is divided by 19?
11
What is the remainder when 97196 is divided by 71?
68
Calculate the remainder when 264 is divided by 17.
9
What is the remainder when 183 is divided by 148?
35
What is the remainder when 142 is divided by 42?
16
What is the remainder when 1296 is divided by 26?
22
What is the remainder when 1600 is divided by 67?
59
What is the remainder when 188 is divided by 144?
44
What is the remainder when 474 is divided by 259?
215
What is the remainder when 322 is divided by 152?
18
Calculate the remainder when 482 is divided by 70.
62
Calculate the remainder when 85 is divided by 20.
5
Calculate the remainder when 283 is divided by 38.
17
Calculate the remainder when 525 is divided by 17.
15
Calculate the remainder when 160 is divided by 20.
0
Calculate the remainder when 3426 is divided by 35.
31
Calculate the remainder when 33 is divided by 9.
6
What is the remainder when 1027 is divided by 342?
1
What is the remainder when 375 is divided by 20?
15
Calculate the remainder when 1850 is divided by 61.
20
What is the remainder when 1947 is divided by 140?
127
What is the remainder when 54 is divided by 19?
16
What is the remainder when 361 is divided by 14?
11
Calculate the remainder when 592 is divided by 54.
52
Calculate the remainder when 1783 is divided by 85.
83
Calculate the remainder when 11058 is divided by 158.
156
Calculate the remainder when 1153 is divided by 68.
65
What is the remainder when 195 is divided by 6?
3
What is the remainder when 16260 is divided by 173?
171
Calculate the remainder when 465 is divided by 79.
70
Calculate the remainder when 3165 is divided by 132.
129
What is the remainder when 56602 is divided by 356?
354
Calculate the remainder when 12318 is divided by 22.
20
What is the remainder when 106 is divided by 22?
18
Calculate the remainder when 41 is divided by 7.
6
Calculate the remainder when 2074 is divided by 159.
7
What is the remainder when 363 is divided by 41?
35
What is the remainder when 378 is divided by 116?
30
Calculate the remainder when 177 is divided by 39.
21
What is the remainder when 260 is divided by 69?
53
What is the remainder when 1348 is divided by 12?
4
What is the remainder when 266 is divided by 87?
5
Calculate the remainder when 262 is divided by 21.
10
Calculate the remainder when 91 is divided by 32.
27
What is the remainder when 345 is divided by 87?
84
Calculate the remainder when 133 is divided by 20.
13
Calculate the remainder when 712 is divided by 18.
10
What is the remainder when 372 is divided by 52?
8
Calculate the remainder when 362 is divided by 14.
12
What is the remainder when 11471 is divided by 51?
47
Calculate the remainder when 529 is divided by 106.
105
What is the remainder when 520 is divided by 241?
38
Calculate the remainder when 603 is divided by 119.
8
Calculate the remainder when 674 is divided by 52.
50
What is the remainder when 1689 is divided by 121?
116
Calculate the remainder when 85 is divided by 15.
10
Calculate the remainder when 449 is divided by 41.
39
Calculate the remainder when 2107 is divided by 12.
7
What is the remainder when 67 is divided by 16?
3
What is the remainder when 88 is divided by 24?
16
Calculate the remainder when 279 is divided by 47.
44
Calculate the remainder when 898 is divided by 30.
28
Calculate the remainder when 4365 is divided by 2182.
1
Calculate the remainder when 54 is divided by 15.
9
What is the remainder when 1102 is divided by 23?
21
Calculate the remainder when 14409 is divided by 15.
9
What is the remainder when 298 is divided by 7?
4
Calculate the remainder when 672 is divided by 63.
42
What is the remainder when 62 is divided by 26?
10
Calculate the remainder when 184 is divided by 33.
19
What is the remainder when 348 is divided by 70?
68
What is the remainder when 317 is divided by 40?
37
What is the remainder when 5013 is divided by 88?
85
Calculate the remainder when 350 is divided by 71.
66
Calculate the remainder when 436 is divided by 19.
18
Calculate the remainder when 268 is divided by 10.
8
What is the remainder when 566 is divided by 15?
11
What is the remainder when 4255 is divided by 44?
31
What is the remainder when 480 is divided by 19?
5
Calculate the remainder when 590 is divided by 108.
50
What is the remainder when 142 is divided by 15?
7
Calculate the remainder when 3217 is divided by 146.
5
What is the remainder when 7670 is divided by 7?
5
Calculate the remainder when 592 is divided by 13.
7
What is the remainder when 618 is divided by 14?
2
Calculate the remainder when 3424 is divided by 54.
22
Calculate the remainder when 434 is divided by 60.
14
What is the remainder when 5558 is divided by 17?
16
Calculate the remainder when 101 is divided by 11.
2
What is the remainder when 4347 is divided by 4?
3
What is the remainder when 105 is divided by 44?
17
What is the remainder when 278 is divided by 34?
6
Calculate the remainder when 867 is divided by 109.
104
What is the remainder when 2318 is divided by 6?
2
What is the remainder when 87 is divided by 8?
7
What is the remainder when 163 is divided by 39?
7
Calculate the remainder when 2743 is divided by 110.
103
Calculate the remainder when 1606 is divided by 134.
132
What is the remainder when 49 is divided by 11?
5
What is the remainder when 63 is divided by 15?
3
Calculate the remainder when 2156 is divided by 434.
420
Calculate the remainder when 188 is divided by 10.
8
What is the remainder when 204 is divided by 15?
9
Calculate the remainder when 543 is divided by 7.
4
What is the remainder when 135 is divided by 53?
29
What is the remainder when 333 is divided by 8?
5
What is the remainder when 8236 is divided by 20?
16
Calculate the remainder when 174 is divided by 29.
0
Calculate the remainder when 952 is divided by 468.
16
Calculate the remainder when 627 is divided by 153.
15
Calculate the remainder when 297 is divided by 278.
19
What is the remainder when 694 is divided by 11?
1
What is the remainder when 22073 is divided by 26?
25
What is the remainder when 1029 is divided by 342?
3
What is the remainder when 174 is divided by 31?
19
What is the remainder when 934 is divided by 52?
50
Calculate the remainder when 1241 is divided by 9.
8
Calculate the remainder when 275 is divided by 23.
22
Calculate the remainder when 98 is divided by 3.
2
Calculate the remainder when 844 is divided by 45.
34
Calculate the remainder when 9477 is divided by 60.
57
What is the remainder when 52 is divided by 20?
12
What is the remainder when 567 is divided by 136?
23
Calculate the remainder when 77 is divided by 14.
7
Calculate the remainder when 1140 is divided by 163.
162
What is the remainder when 395 is divided by 18?
17
What is the remainder when 568 is divided by 37?
13
Calculate the remainder when 231 is divided by 118.
113
Calculate the remainder when 21 is divided by 4.
1
What is the remainder when 487 is divided by 15?
7
What is the remainder when 187 is divided by 54?
25
Calculate the remainder when 458 is divided by 417.
41
What is the remainder when 102 is divided by 56?
46
What is the remainder when 258 is divided by 55?
38
What is the remainder when 54 is divided by 20?
14
What is the remainder when 675 is divided by 22?
15
What is the remainder when 310 is divided by 78?
76
What is the remainder when 2639 is divided by 22?
21
Calculate the remainder when 410 is divided by 184.
42
Calculate the remainder when 477 is divided by 62.
43
What is the remainder when 2241 is divided by 12?
9
What is the remainder when 770 is divided by 78?
68
Calculate the remainder when 191 is divided by 50.
41
What is the remainder when 2939 is divided by 30?
29
Calculate the remainder when 103 is divided by 52.
51
What is the remainder when 24122 is divided by 163?
161
Calculate the remainder when 89 is divided by 76.
13
What is the remainder when 1568 is divided by 121?
116
What is the remainder when 974 is divided by 368?
238
Calculate the remainder when 28 is divided by 10.
8
Calculate the remainder when 124 